{"id":1478,"date":"2019-01-28T02:01:45","date_gmt":"2019-01-28T01:01:45","guid":{"rendered":"https:\/\/www.shakin-all-over.de\/?page_id=1478"},"modified":"2022-01-31T00:13:02","modified_gmt":"2022-01-30T23:13:02","slug":"rockin-on-tv-beat-club","status":"publish","type":"page","link":"https:\/\/www.shakin-all-over.de\/?page_id=1478","title":{"rendered":"rockin&#8216; on TV: BEAT-CLUB u.\u00e4."},"content":{"rendered":"<figure id=\"attachment_1479\" aria-describedby=\"caption-attachment-1479\" style=\"width: 486px\" class=\"wp-caption alignright\"><img loading=\"lazy\" decoding=\"async\" class=\"wp-image-1479 \" src=\"https:\/\/www.shakin-all-over.de\/wp-content\/uploads\/2019\/01\/beatfest-plakat-1.jpg\" alt=\"\" width=\"486\" height=\"621\" srcset=\"https:\/\/www.shakin-all-over.de\/wp-content\/uploads\/2019\/01\/beatfest-plakat-1.jpg 590w, https:\/\/www.shakin-all-over.de\/wp-content\/uploads\/2019\/01\/beatfest-plakat-1-235x300.jpg 235w\" sizes=\"auto, (max-width: 486px) 100vw, 486px\" \/><figcaption id=\"caption-attachment-1479\" class=\"wp-caption-text\">Beatband-Festival 27. Februar 1966, und das Fernsehen war dabei<\/figcaption><\/figure>\n<p>Deutschland bringt Beat live ins Fernsehen. Wow.<\/p>\n<p>Also, der Beat-Club zeigte ab 1965 im 1. Programm der ARD den Altvorderen kr\u00e4ftig den Mittelfinger, und die Jugendlichen blieben vier oder f\u00fcnf Jahre v\u00f6llig in seinem Bann. Erst gegen 1970 wurde der Beat-Club nicht nur politisch, sondern auch musikalisch progressiver. Da erspielte er sich ein Publikum jenseits des Mainstreams. So manche gro\u00dfartige Live-Performance wurde dann wieder gesendet. F\u00fcr mich der H\u00f6hepunkt war MC5 mit einer (zwar vom Regisseur gek\u00fcrzten) Fassung von &#8222;Kick Out The Jams&#8220;. Vor ein paar Jahren hat Radio Bremen auch die Outtakes dieser Aufnahmen gesendet. Daf\u00fcr danke ich dem Sender.<\/p>\n<p><a href=\"https:\/\/www.youtube.com\/watch?v=JFnkSCdpdmg\">MC5 Beat-Club recordings<\/a><\/p>\n<p>Usche Nerke und (am Anfang) Gerd Augustin f\u00fchrten durch die Sendung. Uschi kam cool r\u00fcber, eine von uns, Gerd eher nicht. Er wirkte ein bischen h\u00f6lzern, aber er hatte unglaublich viel Ahnung von Musik.<\/p>\n<p>Die ganzen Playback-Sendung mochte ich nicht, die psychedelischen Effekte fand ich ablenkend. Ich wollte immer &#8211; und will es noch &#8211; Musik live erleben. Aber irgendwann machte Mike Leckebusch, der Regisseur, die Kehrtwendung und verstieg sich auf Playback und optischen Killefitt. Sp\u00e4ter, als er zu live-Aufnahmen zur\u00fcckkehrte, war alles wieder gut<\/p>\n<p>Wer ALLES zum Beat-Club wissen m\u00f6chte, der MUSS das Buch von Thorsten Schmidt kaufen (<em>Beat-Club &#8211; alle Sendungen &#8211; alle Stars &#8211; alle Songs<\/em>, Bremen 2005, ISBN 978-3-933851-09-3). Da bleibt kein Wunsch unerf\u00fcllt, allein dass die Wahnsinnsliste von nicht gesendeten Aufnahmen keinen Redakteur angesto\u00dfen hat, ins Archiv zu gehen und uns mit musikalischen Leckerbissen zu versorgen, bleibt unerkl\u00e4rlich. J\u00f6rg Freitag, warum geschieht da nichts?<img loading=\"lazy\" decoding=\"async\" class=\"wp-image-6452 alignleft\" src=\"https:\/\/www.shakin-all-over.de\/wp-content\/uploads\/2020\/02\/0k-9-Beat-Club-Buch-scaled.jpg\" alt=\"\" width=\"252\" height=\"329\" srcset=\"https:\/\/www.shakin-all-over.de\/wp-content\/uploads\/2020\/02\/0k-9-Beat-Club-Buch-scaled.jpg 1961w, https:\/\/www.shakin-all-over.de\/wp-content\/uploads\/2020\/02\/0k-9-Beat-Club-Buch-230x300.jpg 230w, https:\/\/www.shakin-all-over.de\/wp-content\/uploads\/2020\/02\/0k-9-Beat-Club-Buch-784x1024.jpg 784w, https:\/\/www.shakin-all-over.de\/wp-content\/uploads\/2020\/02\/0k-9-Beat-Club-Buch-768x1003.jpg 768w, https:\/\/www.shakin-all-over.de\/wp-content\/uploads\/2020\/02\/0k-9-Beat-Club-Buch-1177x1536.jpg 1177w, https:\/\/www.shakin-all-over.de\/wp-content\/uploads\/2020\/02\/0k-9-Beat-Club-Buch-1569x2048.jpg 1569w\" sizes=\"auto, (max-width: 252px) 100vw, 252px\" \/><\/p>\n<p>Jahre sp\u00e4ter, dem Video-Recorder sei Dank, entdeckte ich, dass im Hessischen Rundfunk Fernsehen, &#8222;Beat Beat Beat&#8220; gesendet worden war. Und das war noch &#8217;ne Schippe authentischer. The Sorrows, The Yardbirds, The Move, The Kinks und solche Kaliber immer mit mehreren St\u00fccken live auf Sendung. Unglaublich. Und The Kentuckys. Wahnsinn.<\/p>\n<p><a href=\"https:\/\/www.youtube.com\/watch?v=q1PEnlILYq4\">&gt;&gt;The Sorrows &#8222;You&#8217;ve Got What I Want&#8220;<\/a><\/p>\n<p><a href=\"https:\/\/www.youtube.com\/watch?v=qXwXuKDVBAY\">&gt;&gt;The Kentuckys &#8222;Uncle Willy&#8220;<\/a><\/p>\n<p>Am 25. August 2018 habe ich bei einer zweit\u00e4gigen Beat-Club-Reminiszenz-Veranstaltung in WIlhelmshaven &#8211; sehr gelungen, mit zwei tollen Bands, am 2. Tag leider miserabel besucht &#8211; einen Vortrag zum Beat-Club gehalten. Uschi Nerke sa\u00df neben mir auf einer Couch und hat ein paar Mal heftig den Kopf gesch\u00fcttelt. In ihrem eigenen Vortrag hat sie allerdings nichts korrigiert. Schade. Das w\u00e4re erhellend gewesen.<\/p>\n<figure id=\"attachment_2935\" aria-describedby=\"caption-attachment-2935\" style=\"width: 307px\" class=\"wp-caption aligncenter\"><a href=\"https:\/\/www.shakin-all-over.de\/wp-content\/uploads\/2019\/02\/4-Beat-Club-Uschi-Nerke-offizielles-Radio-Bremen-Pressefoto-1966-e1550770971300.jpg\"><img loading=\"lazy\" decoding=\"async\" class=\"wp-image-2935\" src=\"https:\/\/www.shakin-all-over.de\/wp-content\/uploads\/2019\/02\/4-Beat-Club-Uschi-Nerke-offizielles-Radio-Bremen-Pressefoto-1966-743x1024.jpg\" alt=\"\" width=\"307\" height=\"423\" \/><\/a><figcaption id=\"caption-attachment-2935\" class=\"wp-caption-text\">Beat-Club, Uschi Nerke, offizielles Radio Bremen Pressefoto 1966<\/figcaption><\/figure>\n<table>\n<tbody>\n<tr>\n<td>\n<p><figure id=\"attachment_4576\" aria-describedby=\"caption-attachment-4576\" style=\"width: 569px\" class=\"wp-caption aligncenter\"><img loading=\"lazy\" decoding=\"async\" class=\" wp-image-4576\" src=\"https:\/\/www.shakin-all-over.de\/wp-content\/uploads\/2019\/03\/S4-The-Mushroams-Bremen-im-Burger-Landhaus-bei-Bremen-2-e1553379977263.jpg\" alt=\"\" width=\"569\" height=\"403\" \/><figcaption id=\"caption-attachment-4576\" class=\"wp-caption-text\">Beat-Club, The Mushroams, Bremen, im Burger Landhaus bei Bremen, wo die ersten Beat-Club-Sendungen aufgezeichnet wurden<\/figcaption><\/figure><\/td>\n<td>\n<p><figure id=\"attachment_4573\" aria-describedby=\"caption-attachment-4573\" style=\"width: 496px\" class=\"wp-caption aligncenter\"><img loading=\"lazy\" decoding=\"async\" class=\" wp-image-4573\" src=\"https:\/\/www.shakin-all-over.de\/wp-content\/uploads\/2019\/03\/S4-The-Mushroams-Bremen-im-Burger-Landhaus-bei-Bremen-e1553377909837.jpg\" alt=\"\" width=\"496\" height=\"341\" \/><figcaption id=\"caption-attachment-4573\" class=\"wp-caption-text\">Beat-Club, The Mushroams, Bremen, im Burger Landhaus bei Bremen, wo die ersten Beat-Club-Sendungen aufgezeichnet wurden<\/figcaption><\/figure><\/td>\n<\/tr>\n<\/tbody>\n<\/table>\n<figure id=\"attachment_4160\" aria-describedby=\"caption-attachment-4160\" style=\"width: 496px\" class=\"wp-caption aligncenter\"><a href=\"https:\/\/www.shakin-all-over.de\/wp-content\/uploads\/2019\/03\/s9-Mike-Leckebusch-und-The-Lords-e1552864886686.jpg\"><img loading=\"lazy\" decoding=\"async\" class=\"wp-image-4160\" src=\"https:\/\/www.shakin-all-over.de\/wp-content\/uploads\/2019\/03\/s9-Mike-Leckebusch-und-The-Lords-e1552864886686.jpg\" alt=\"\" width=\"496\" height=\"348\" \/><\/a><figcaption id=\"caption-attachment-4160\" class=\"wp-caption-text\">Mike Leckebusch und The Lords<\/figcaption><\/figure>\n<figure id=\"attachment_4161\" aria-describedby=\"caption-attachment-4161\" style=\"width: 489px\" class=\"wp-caption aligncenter\"><a href=\"https:\/\/www.shakin-all-over.de\/wp-content\/uploads\/2019\/03\/S9-Mike-Leckebusch-und-Uschi-Nerke.jpg\"><img loading=\"lazy\" decoding=\"async\" class=\"wp-image-4161\" src=\"https:\/\/www.shakin-all-over.de\/wp-content\/uploads\/2019\/03\/S9-Mike-Leckebusch-und-Uschi-Nerke.jpg\" alt=\"\" width=\"489\" height=\"335\" srcset=\"https:\/\/www.shakin-all-over.de\/wp-content\/uploads\/2019\/03\/S9-Mike-Leckebusch-und-Uschi-Nerke.jpg 1170w, https:\/\/www.shakin-all-over.de\/wp-content\/uploads\/2019\/03\/S9-Mike-Leckebusch-und-Uschi-Nerke-300x205.jpg 300w, https:\/\/www.shakin-all-over.de\/wp-content\/uploads\/2019\/03\/S9-Mike-Leckebusch-und-Uschi-Nerke-768x525.jpg 768w, https:\/\/www.shakin-all-over.de\/wp-content\/uploads\/2019\/03\/S9-Mike-Leckebusch-und-Uschi-Nerke-1024x700.jpg 1024w\" sizes=\"auto, (max-width: 489px) 100vw, 489px\" \/><\/a><figcaption id=\"caption-attachment-4161\" class=\"wp-caption-text\">Mike Leckebusch und Uschi Nerke<\/figcaption><\/figure>\n<figure id=\"attachment_7304\" aria-describedby=\"caption-attachment-7304\" style=\"width: 500px\" class=\"wp-caption aligncenter\"><img loading=\"lazy\" decoding=\"async\" class=\"size-full wp-image-7304\" src=\"https:\/\/www.shakin-all-over.de\/wp-content\/uploads\/2020\/06\/00k_xx-Gerd-Augustin-Sandie-Shaw-Mike-Leckebusch.jpg\" alt=\"\" width=\"500\" height=\"350\" srcset=\"https:\/\/www.shakin-all-over.de\/wp-content\/uploads\/2020\/06\/00k_xx-Gerd-Augustin-Sandie-Shaw-Mike-Leckebusch.jpg 500w, https:\/\/www.shakin-all-over.de\/wp-content\/uploads\/2020\/06\/00k_xx-Gerd-Augustin-Sandie-Shaw-Mike-Leckebusch-300x210.jpg 300w\" sizes=\"auto, (max-width: 500px) 100vw, 500px\" \/><figcaption id=\"caption-attachment-7304\" class=\"wp-caption-text\">Gerd Augustin, Sandie Shaw, Mike Leckebusch<\/figcaption><\/figure>\n<table>\n<tbody>\n<tr>\n<td>\n<p><figure id=\"attachment_4165\" aria-describedby=\"caption-attachment-4165\" style=\"width: 503px\" class=\"wp-caption aligncenter\"><a href=\"https:\/\/www.shakin-all-over.de\/wp-content\/uploads\/2019\/03\/S9-Beat-Club-The-Boots-e1552865172751.jpg\"><img loading=\"lazy\" decoding=\"async\" class=\"wp-image-4165\" src=\"https:\/\/www.shakin-all-over.de\/wp-content\/uploads\/2019\/03\/S9-Beat-Club-The-Boots-e1552865172751.jpg\" alt=\"\" width=\"503\" height=\"328\" \/><\/a><figcaption id=\"caption-attachment-4165\" class=\"wp-caption-text\">Beat-Club, The Boots<\/figcaption><\/figure><\/td>\n<td>\n<p><figure id=\"attachment_5203\" aria-describedby=\"caption-attachment-5203\" style=\"width: 430px\" class=\"wp-caption aligncenter\"><a href=\"https:\/\/www.shakin-all-over.de\/wp-content\/uploads\/2019\/04\/4-The-Move-im-Beat-Club-e1556493390602.jpg\"><img loading=\"lazy\" decoding=\"async\" class=\"wp-image-5203 \" src=\"https:\/\/www.shakin-all-over.de\/wp-content\/uploads\/2019\/04\/4-The-Move-im-Beat-Club-e1556493390602.jpg\" alt=\"\" width=\"430\" height=\"296\" \/><\/a><figcaption id=\"caption-attachment-5203\" class=\"wp-caption-text\">The Move im Beat-Club<\/figcaption><\/figure><\/td>\n<\/tr>\n<\/tbody>\n<\/table>\n<figure id=\"attachment_1410\" aria-describedby=\"caption-attachment-1410\" style=\"width: 474px\" class=\"wp-caption aligncenter\"><a href=\"https:\/\/www.shakin-all-over.de\/wp-content\/uploads\/2019\/01\/Frederic-and-the-Rangers-e1548622780264.jpg\"><img loading=\"lazy\" decoding=\"async\" class=\"wp-image-1410\" src=\"https:\/\/www.shakin-all-over.de\/wp-content\/uploads\/2019\/01\/Frederic-and-the-Rangers-e1548622780264.jpg\" alt=\"\" width=\"474\" height=\"276\" \/><\/a><figcaption id=\"caption-attachment-1410\" class=\"wp-caption-text\">Frederic and the Rangers, Recklinghausen, im WDR<\/figcaption><\/figure>\n<figure id=\"attachment_2013\" aria-describedby=\"caption-attachment-2013\" style=\"width: 508px\" class=\"wp-caption aligncenter\"><a href=\"https:\/\/www.shakin-all-over.de\/wp-content\/uploads\/2019\/02\/00-The-Kentuckys-Wuppertal-in-der-Drehscheibe-beim-ZDF-vlnr-Manfred-Weiler-Peter-Zadina-Peter-Frohn-Bernd-Zindars-e1549236215399.jpg\"><img loading=\"lazy\" decoding=\"async\" class=\"wp-image-2013\" src=\"https:\/\/www.shakin-all-over.de\/wp-content\/uploads\/2019\/02\/00-The-Kentuckys-Wuppertal-in-der-Drehscheibe-beim-ZDF-vlnr-Manfred-Weiler-Peter-Zadina-Peter-Frohn-Bernd-Zindars-e1549236215399.jpg\" alt=\"\" width=\"508\" height=\"331\" \/><\/a><figcaption id=\"caption-attachment-2013\" class=\"wp-caption-text\">The Kentuckys, Wuppertal, in der Drehscheibe beim ZDF vlnr Manfred Weiler, Peter Zadina, Peter Frohn, Bernd Zindars<\/figcaption><\/figure>\n<p style=\"text-align: center;\">Und als das Fernsehn zum ersten Mal Farbe trug, waren auch schon die Beatjungs dabei:<\/p>\n<figure id=\"attachment_7300\" aria-describedby=\"caption-attachment-7300\" style=\"width: 500px\" class=\"wp-caption aligncenter\"><img loading=\"lazy\" decoding=\"async\" class=\"size-full wp-image-7300\" src=\"https:\/\/www.shakin-all-over.de\/wp-content\/uploads\/2020\/06\/00k_4-Text-\u00e4ndern-1967-wurde-es-in-der-Deutschlandhalle-bunt-Die-Band-The-Rags-w\u00e4hrend-einer-ZDF-Testsendung-in-Farbe..jpg\" alt=\"\" width=\"500\" height=\"239\" srcset=\"https:\/\/www.shakin-all-over.de\/wp-content\/uploads\/2020\/06\/00k_4-Text-\u00e4ndern-1967-wurde-es-in-der-Deutschlandhalle-bunt-Die-Band-The-Rags-w\u00e4hrend-einer-ZDF-Testsendung-in-Farbe..jpg 500w, https:\/\/www.shakin-all-over.de\/wp-content\/uploads\/2020\/06\/00k_4-Text-\u00e4ndern-1967-wurde-es-in-der-Deutschlandhalle-bunt-Die-Band-The-Rags-w\u00e4hrend-einer-ZDF-Testsendung-in-Farbe.-300x143.jpg 300w\" sizes=\"auto, (max-width: 500px) 100vw, 500px\" \/><figcaption id=\"caption-attachment-7300\" class=\"wp-caption-text\">1967, \u00dcbertragung aus der Deutschlandhalle, Berlin, The Rags aus Bielefeld peppen die Farb-TV-Testsendung nicht nur musikalisch auf.<\/figcaption><\/figure>\n<figure id=\"attachment_9392\" aria-describedby=\"caption-attachment-9392\" style=\"width: 500px\" class=\"wp-caption aligncenter\"><img loading=\"lazy\" decoding=\"async\" class=\"size-full wp-image-9392\" src=\"https:\/\/www.shakin-all-over.de\/wp-content\/uploads\/2022\/01\/00k_Trembles-a.jpg\" alt=\"\" width=\"500\" height=\"367\" srcset=\"https:\/\/www.shakin-all-over.de\/wp-content\/uploads\/2022\/01\/00k_Trembles-a.jpg 500w, https:\/\/www.shakin-all-over.de\/wp-content\/uploads\/2022\/01\/00k_Trembles-a-300x220.jpg 300w\" sizes=\"auto, (max-width: 500px) 100vw, 500px\" \/><figcaption id=\"caption-attachment-9392\" class=\"wp-caption-text\">THe Trembles in &#8222;An einem Wochenende&#8220;<\/figcaption><\/figure>\n<figure id=\"attachment_9393\" aria-describedby=\"caption-attachment-9393\" style=\"width: 500px\" class=\"wp-caption aligncenter\"><img loading=\"lazy\" decoding=\"async\" class=\"size-full wp-image-9393\" src=\"https:\/\/www.shakin-all-over.de\/wp-content\/uploads\/2022\/01\/00k_Trembles-b.jpg\" alt=\"\" width=\"500\" height=\"367\" srcset=\"https:\/\/www.shakin-all-over.de\/wp-content\/uploads\/2022\/01\/00k_Trembles-b.jpg 500w, https:\/\/www.shakin-all-over.de\/wp-content\/uploads\/2022\/01\/00k_Trembles-b-300x220.jpg 300w\" sizes=\"auto, (max-width: 500px) 100vw, 500px\" \/><figcaption id=\"caption-attachment-9393\" class=\"wp-caption-text\">The Trembles, R\u00fcckseite<\/figcaption><\/figure>\n","protected":false},"excerpt":{"rendered":"<p>Deutschland bringt Beat live ins Fernsehen. Wow. Also, der Beat-Club zeigte ab 1965 im 1. Programm der ARD den Altvorderen kr\u00e4ftig den Mittelfinger, und die Jugendlichen blieben vier oder f\u00fcnf<a href=\"https:\/\/www.shakin-all-over.de\/?page_id=1478\" class=\"more-link\"><span class=\"readmore\">Continue reading<span class=\"screen-reader-text\">rockin&#8216; on TV: BEAT-CLUB u.\u00e4.<\/span><\/span><\/a><\/p>\n","protected":false},"author":1,"featured_media":0,"parent":0,"menu_order":0,"comment_status":"closed","ping_status":"closed","template":"","meta":{"footnotes":""},"class_list":["post-1478","page","type-page","status-publish","hentry"],"_links":{"self":[{"href":"https:\/\/www.shakin-all-over.de\/index.php?rest_route=\/wp\/v2\/pages\/1478","targetHints":{"allow":["GET"]}}],"collection":[{"href":"https:\/\/www.shakin-all-over.de\/index.php?rest_route=\/wp\/v2\/pages"}],"about":[{"href":"https:\/\/www.shakin-all-over.de\/index.php?rest_route=\/wp\/v2\/types\/page"}],"author":[{"embeddable":true,"href":"https:\/\/www.shakin-all-over.de\/index.php?rest_route=\/wp\/v2\/users\/1"}],"replies":[{"embeddable":true,"href":"https:\/\/www.shakin-all-over.de\/index.php?rest_route=%2Fwp%2Fv2%2Fcomments&post=1478"}],"version-history":[{"count":0,"href":"https:\/\/www.shakin-all-over.de\/index.php?rest_route=\/wp\/v2\/pages\/1478\/revisions"}],"wp:attachment":[{"href":"https:\/\/www.shakin-all-over.de\/index.php?rest_route=%2Fwp%2Fv2%2Fmedia&parent=1478"}],"curies":[{"name":"wp","href":"https:\/\/api.w.org\/{rel}","templated":true}]}}